{"id":681,"date":"2025-02-23T11:08:48","date_gmt":"2025-02-23T11:08:48","guid":{"rendered":"https:\/\/lup.studioidearium.com\/?page_id=681"},"modified":"2025-03-27T12:16:28","modified_gmt":"2025-03-27T12:16:28","slug":"clanstva","status":"publish","type":"page","link":"https:\/\/www.ppa.hr\/hr_\/clanstva\/","title":{"rendered":"\u010clanstva"},"content":{"rendered":"\t\t<div data-elementor-type=\"wp-page\" data-elementor-id=\"681\" class=\"elementor elementor-681\" data-elementor-post-type=\"page\">\n\t\t\t\t\t\t<section class=\"elementor-section elementor-top-section elementor-element elementor-element-25821f01 elementor-section-height-min-height elementor-section-items-bottom elementor-section-boxed elementor-section-height-default\" data-id=\"25821f01\" data-element_type=\"section\" data-e-type=\"section\" data-settings=\"{&quot;background_background&quot;:&quot;classic&quot;}\">\n\t\t\t\t\t\t\t<div class=\"elementor-background-overlay\"><\/div>\n\t\t\t\t\t\t\t<div class=\"elementor-container elementor-column-gap-default\">\n\t\t\t\t\t<div class=\"elementor-column elementor-col-100 elementor-top-column elementor-element elementor-element-49abd38d\" data-id=\"49abd38d\" data-element_type=\"column\" data-e-type=\"column\">\n\t\t\t<div class=\"elementor-widget-wrap elementor-element-populated\">\n\t\t\t\t\t\t<div class=\"elementor-element elementor-element-1a2be8e elementor-widget elementor-widget-text-editor\" data-id=\"1a2be8e\" data-element_type=\"widget\" data-e-type=\"widget\" data-widget_type=\"text-editor.default\">\n\t\t\t\t\t\t\t\t\t<p><a href=\"#\">Po\u010detna<\/a> \/ Lu\u010dka uprava Plo\u010de \/ \u010clanstva<\/p>\t\t\t\t\t\t\t\t<\/div>\n\t\t\t\t\t<\/div>\n\t\t<\/div>\n\t\t\t\t\t<\/div>\n\t\t<\/section>\n\t\t\t\t<section class=\"elementor-section elementor-top-section elementor-element elementor-element-509d52e elementor-section-boxed elementor-section-height-default elementor-section-height-default\" data-id=\"509d52e\" data-element_type=\"section\" data-e-type=\"section\">\n\t\t\t\t\t\t<div class=\"elementor-container elementor-column-gap-default\">\n\t\t\t\t\t<div class=\"elementor-column elementor-col-100 elementor-top-column elementor-element elementor-element-07da988\" data-id=\"07da988\" data-element_type=\"column\" data-e-type=\"column\">\n\t\t\t<div class=\"elementor-widget-wrap elementor-element-populated\">\n\t\t\t\t<div class=\"elementor-element elementor-element-4fbdebf e-con-full e-flex e-con e-parent\" data-id=\"4fbdebf\" data-element_type=\"container\" data-e-type=\"container\">\n\t\t<div class=\"elementor-element elementor-element-324cdeb animated-slow e-con-full e-flex elementor-invisible e-con e-child\" data-id=\"324cdeb\" data-element_type=\"container\" data-e-type=\"container\" data-settings=\"{&quot;background_background&quot;:&quot;classic&quot;,&quot;animation&quot;:&quot;fadeInLeft&quot;}\">\n\t\t\t\t<div class=\"elementor-element elementor-element-a52c5db elementor-position-left elementor-vertical-align-middle elementor-position-top elementor-widget elementor-widget-image-box\" data-id=\"a52c5db\" data-element_type=\"widget\" data-e-type=\"widget\" data-widget_type=\"image-box.default\">\n\t\t\t\t\t<div class=\"elementor-image-box-wrapper\"><figure class=\"elementor-image-box-img\"><img decoding=\"async\" width=\"333\" height=\"91\" src=\"https:\/\/www.ppa.hr\/hr_\/wp-content\/uploads\/2025\/02\/ustanove-zajdnica.jpg\" class=\"elementor-animation-grow attachment-full size-full wp-image-687\" alt=\"\" srcset=\"https:\/\/www.ppa.hr\/hr_\/wp-content\/uploads\/2025\/02\/ustanove-zajdnica.jpg 333w, https:\/\/www.ppa.hr\/hr_\/wp-content\/uploads\/2025\/02\/ustanove-zajdnica-300x82.jpg 300w\" sizes=\"(max-width: 333px) 100vw, 333px\" \/><\/figure><div class=\"elementor-image-box-content\"><h4 class=\"elementor-image-box-title\">Zajednica lu\u010dkih uprava Republike Hrvatske (Croatian Association of Port Authorities) <\/h4><p class=\"elementor-image-box-description\">Zajednica lu\u010dkih uprava Republike Hrvatske osnovana je u Splitu 1998. i okuplja \u0161est luka od dr\u017eavnog zna\u010daja \u2013 luke Rijeka, Plo\u010de, Zadar, Split, \u0160ibenik i Dubrovnik.\n<\/br><\/br>Osnivanje Zajednice lu\u010dkih uprava u Hrvatskoj omogu\u0107ilo je stvaranje ekonomskog i pravnog temelja za razvitak nacionalnoga lu\u010dkog sustava i pojedinih luka unutar istog sustava.\n<\/br><\/br>Utemeljena je kao neprofitna organizacija, uz suglasnost hrvatske Vlade, s ciljem pove\u0107anja u\u010dinkovitosti hrvatskih luka na na\u010din da se bori za njihov probitak kroz zakonodavni okvir, vodi postupak dodjela koncesija na pomorskom dobru, uskla\u0111uje rad i poslovanje hrvatskih lu\u010dkih uprava i vodi zajedni\u010dku politiku od interesa za sve luke.\n<\/p><\/div><\/div>\t\t\t\t<\/div>\n\t\t\t\t<\/div>\n\t\t<div class=\"elementor-element elementor-element-2dd5edf animated-slow e-con-full e-flex elementor-invisible e-con e-child\" data-id=\"2dd5edf\" data-element_type=\"container\" data-e-type=\"container\" data-settings=\"{&quot;background_background&quot;:&quot;classic&quot;,&quot;animation&quot;:&quot;fadeInLeft&quot;}\">\n\t\t\t\t<div class=\"elementor-element elementor-element-4a36b22 elementor-position-left elementor-vertical-align-middle elementor-widget elementor-widget-image-box\" data-id=\"4a36b22\" data-element_type=\"widget\" data-e-type=\"widget\" data-widget_type=\"image-box.default\">\n\t\t\t\t\t<div class=\"elementor-image-box-wrapper\"><figure class=\"elementor-image-box-img\"><img fetchpriority=\"high\" decoding=\"async\" width=\"225\" height=\"224\" src=\"https:\/\/www.ppa.hr\/hr_\/wp-content\/uploads\/2025\/02\/images.png\" class=\"elementor-animation-grow attachment-full size-full wp-image-688\" alt=\"\" srcset=\"https:\/\/www.ppa.hr\/hr_\/wp-content\/uploads\/2025\/02\/images.png 225w, https:\/\/www.ppa.hr\/hr_\/wp-content\/uploads\/2025\/02\/images-150x150.png 150w\" sizes=\"(max-width: 225px) 100vw, 225px\" \/><\/figure><div class=\"elementor-image-box-content\"><h4 class=\"elementor-image-box-title\">ESPO \u2013 Europska udruga morskih luka (European Sea Ports Organisation)<\/h4><p class=\"elementor-image-box-description\">Kao \u010dlanica Zajednice lu\u010dkih uprava Republike Hrvatske, Lu\u010dka uprava Plo\u010de sudjeluje u radu ESPO-a.\n<\/br><\/br>ESPO je organizacija koja je osnovana 1993. godine i okuplja predstavnike lu\u010dkih uprava i lu\u010dkih administrativnih organizacija iz cijele Europske unije te Norve\u0161ke. Ciljevi ESPO-a usmjereni su na promicanje ekonomskog zna\u010daja europskih luka, na uklju\u010divanje u procese kreiranja svih politika unutar EU koje imaju odraz na lu\u010dki sektor, zastupanje slobodne i fair konkurencije izme\u0111u luka, unaprje\u0111enje ekonomske efikasnosti u lukama te uspostavi najvi\u0161ih sigurnosnih standarda u lukama kao i za\u0161titi okoline od strane lu\u010dkog sektora.\n<\/br><\/br>Zajednica lu\u010dkih uprava Republike Hrvatske primljena je 2004. godine u pridru\u017eeno \u010dlanstvo Udru\u017eenja luka Europske unije (ESPO) na skup\u0161tini ESPO-a odr\u017eanoj u Rotterdamu. Time su se otvorile mogu\u0107nosti za dobivanje sredstava Europske unije koja bi se investirala u hrvatski lu\u010dki sustav, a sam taj \u010din potvrda je uskla\u0111enosti poslovanja hrvatskih luka s europskim lukama. Ujedno je na taj na\u010din Zajednica lu\u010dkih uprava u Hrvatskoj postala aktivni \u010dlan oblikovanja brojnih procesa vezanih uz lu\u010dki sustav na razini EU.\n<\/p><\/div><\/div>\t\t\t\t<\/div>\n\t\t\t\t<\/div>\n\t\t<div class=\"elementor-element elementor-element-6e4cc46 animated-slow e-con-full e-flex elementor-invisible e-con e-child\" data-id=\"6e4cc46\" data-element_type=\"container\" data-e-type=\"container\" data-settings=\"{&quot;background_background&quot;:&quot;classic&quot;,&quot;animation&quot;:&quot;fadeInLeft&quot;}\">\n\t\t\t\t<div class=\"elementor-element elementor-element-5ebb37b elementor-position-left elementor-vertical-align-middle elementor-widget elementor-widget-image-box\" data-id=\"5ebb37b\" data-element_type=\"widget\" data-e-type=\"widget\" data-widget_type=\"image-box.default\">\n\t\t\t\t\t<div class=\"elementor-image-box-wrapper\"><figure class=\"elementor-image-box-img\"><img decoding=\"async\" width=\"1024\" height=\"338\" src=\"https:\/\/www.ppa.hr\/hr_\/wp-content\/uploads\/2025\/02\/kip-logo-1-1024x338-1.png\" class=\"elementor-animation-grow attachment-full size-full wp-image-689\" alt=\"\" srcset=\"https:\/\/www.ppa.hr\/hr_\/wp-content\/uploads\/2025\/02\/kip-logo-1-1024x338-1.png 1024w, https:\/\/www.ppa.hr\/hr_\/wp-content\/uploads\/2025\/02\/kip-logo-1-1024x338-1-300x99.png 300w, https:\/\/www.ppa.hr\/hr_\/wp-content\/uploads\/2025\/02\/kip-logo-1-1024x338-1-768x254.png 768w\" sizes=\"(max-width: 1024px) 100vw, 1024px\" \/><\/figure><div class=\"elementor-image-box-content\"><h4 class=\"elementor-image-box-title\">Klaster intermodalnog prijevoza<\/h4><p class=\"elementor-image-box-description\">Sporazumom o suradnji u intermodalnom prijevozu u  RH, koji je Hrvatska udruga za promicanje me\u0111uobalnog prometnog povezivanja potpisala sa Savezom za \u017eeljeznicu, Udrugom cestovnih prijevoznika, Centrom za razvoj unutarnje plovidbe i Udru\u017eenjem pomorskih agenata, nastao je Klaster intermodalnog prijevoza kao neprofitna  organizacija, koja je osnovana 2005. na inicijativu Ministarstva mora, prometa i infrastrukture.\n<\/br><\/br>Njegovi \u010dlanovi su sve morske lu\u010dke uprave, lu\u010dki operateri, H\u017d Infrastruktura, ve\u0107i agenti i \u0161pediteri te ostale interesne organizacije, a sjedi\u0161te organizacije je u Rijeci.\n<\/br><\/br>Klaster se danas bavi trima osnovnim aktivnostima:  promocijom, razvojni projektima i informatizacijom intermodalnog prijevoznog servisa. Klaster nastoji potaknuti razvoj cjelovitog intermodalnog sustava kroz zajedni\u010dka podru\u010dja rada, kao spone gospodarskog sektora i tijela dr\u017eavne uprave. Izme\u0111u ostalog, cilj Klastera jest pove\u0107ati udio intermodalnoga prijevoza u prometovanju Hrvatskom te informirati i pomo\u0107i prilikom izrade projekata \u0161to ve\u0107em broju mogu\u0107ih korisnika EU fondova.\n<\/p><\/div><\/div>\t\t\t\t<\/div>\n\t\t\t\t<\/div>\n\t\t<div class=\"elementor-element elementor-element-30cc114 animated-slow e-con-full e-flex elementor-invisible e-con e-child\" data-id=\"30cc114\" data-element_type=\"container\" data-e-type=\"container\" data-settings=\"{&quot;background_background&quot;:&quot;classic&quot;,&quot;animation&quot;:&quot;fadeInLeft&quot;}\">\n\t\t\t\t<div class=\"elementor-element elementor-element-fe948cd elementor-position-left elementor-vertical-align-middle elementor-widget elementor-widget-image-box\" data-id=\"fe948cd\" data-element_type=\"widget\" data-e-type=\"widget\" data-widget_type=\"image-box.default\">\n\t\t\t\t\t<div class=\"elementor-image-box-wrapper\"><figure class=\"elementor-image-box-img\"><img loading=\"lazy\" decoding=\"async\" width=\"337\" height=\"330\" src=\"https:\/\/www.ppa.hr\/hr_\/wp-content\/uploads\/2025\/02\/HSZ.png\" class=\"elementor-animation-grow attachment-full size-full wp-image-690\" alt=\"\" srcset=\"https:\/\/www.ppa.hr\/hr_\/wp-content\/uploads\/2025\/02\/HSZ.png 337w, https:\/\/www.ppa.hr\/hr_\/wp-content\/uploads\/2025\/02\/HSZ-300x294.png 300w\" sizes=\"(max-width: 337px) 100vw, 337px\" \/><\/figure><div class=\"elementor-image-box-content\"><h4 class=\"elementor-image-box-title\">Udruga \u2018Hrvatske slobodne zone\u2019 (Croatian Free Zones Association)<\/h4><p class=\"elementor-image-box-description\">Udrugu \u2018Hrvatske slobodne zone\u2019 osnovali su 1998. godine ovla\u0161tenici koncesija za slobodne zone, odnosno ustanove koje po posebnim zakonima upravljaju slobodnom zonom (slobodne zone u morskim lukama kojima upravljaju nadle\u017ene lu\u010dke uprave).\n\n<\/br><br>CILJEVI Udruge su:\n<ul>\n  <li>\u2022 Razvoj i pobolj\u0161anje uvjeta poslovanja u slobodnim zonama u RH \u2013 promocija slobodnih zona s ciljem privla\u010denja stranih i tuzemnih ulaganja u slobodne zone<\/li>\n  <li>\u2022 Poticanje i pru\u017eanje stru\u010dne pomo\u0107i u svezi pro\u0161irenja postoje\u0107ih i osnivanja novih slobodnih zona<\/li>\n  <li>\u2022 Predlaganje poticajnih mjera, postupaka i organizacije rada u slobodnim zonama<\/li>\n<\/ul>\n\n<\/br>Lu\u010dka uprava Plo\u010de, koja posebnom Odlukom Vlade Republike Hrvatske, upravlja slobodnom zonom na vi\u0161e od 200 hektara lu\u010dkog podru\u010dja u Plo\u010dama,  jedan je od osniva\u010da Udruge te je svojom aktivno\u0161\u0107u kontinuirano doprinosila radu Udruge.\nNakon ulaska Republike Hrvatske u punopravno \u010dlanstvo Europske unije, prestale su vrijediti odre\u0111ene povlastice, posebno porezne, za poslovanje u slobodnim zonama, no u luci Plo\u010de postojanje instituta slobodne zone je i dalje bitno za njene korisnike zbog znatnog prometa tereta koji nemaju status robe zajednice.\n<\/p><\/div><\/div>\t\t\t\t<\/div>\n\t\t\t\t<\/div>\n\t\t\t\t<\/div>\n\t\t\t\t\t<\/div>\n\t\t<\/div>\n\t\t\t\t\t<\/div>\n\t\t<\/section>\n\t\t\t\t<\/div>\n\t\t","protected":false},"excerpt":{"rendered":"<p>Po\u010detna \/ Lu\u010dka uprava Plo\u010de \/ \u010clanstva Zajednica lu\u010dkih uprava Republike Hrvatske (Croatian Association of Port Authorities) Zajednica lu\u010dkih uprava Republike Hrvatske osnovana je u Splitu 1998. i okuplja \u0161est luka od dr\u017eavnog zna\u010daja \u2013 luke Rijeka, Plo\u010de, Zadar, Split, \u0160ibenik i Dubrovnik. Osnivanje Zajednice lu\u010dkih uprava u Hrvatskoj omogu\u0107ilo je stvaranje ekonomskog i pravnog [&hellip;]<\/p>\n","protected":false},"author":1,"featured_media":0,"parent":0,"menu_order":0,"comment_status":"closed","ping_status":"closed","template":"elementor_header_footer","meta":{"footnotes":""},"class_list":["post-681","page","type-page","status-publish","hentry"],"_links":{"self":[{"href":"https:\/\/www.ppa.hr\/hr_\/wp-json\/wp\/v2\/pages\/681","targetHints":{"allow":["GET"]}}],"collection":[{"href":"https:\/\/www.ppa.hr\/hr_\/wp-json\/wp\/v2\/pages"}],"about":[{"href":"https:\/\/www.ppa.hr\/hr_\/wp-json\/wp\/v2\/types\/page"}],"author":[{"embeddable":true,"href":"https:\/\/www.ppa.hr\/hr_\/wp-json\/wp\/v2\/users\/1"}],"replies":[{"embeddable":true,"href":"https:\/\/www.ppa.hr\/hr_\/wp-json\/wp\/v2\/comments?post=681"}],"version-history":[{"count":40,"href":"https:\/\/www.ppa.hr\/hr_\/wp-json\/wp\/v2\/pages\/681\/revisions"}],"predecessor-version":[{"id":1909,"href":"https:\/\/www.ppa.hr\/hr_\/wp-json\/wp\/v2\/pages\/681\/revisions\/1909"}],"wp:attachment":[{"href":"https:\/\/www.ppa.hr\/hr_\/wp-json\/wp\/v2\/media?parent=681"}],"curies":[{"name":"wp","href":"https:\/\/api.w.org\/{rel}","templated":true}]}}