{"id":2513,"date":"2025-11-10T20:31:53","date_gmt":"2025-11-10T20:31:53","guid":{"rendered":"https:\/\/www.ppa.hr\/hr_\/?page_id=2513"},"modified":"2025-11-10T20:35:47","modified_gmt":"2025-11-10T20:35:47","slug":"digitalna-pristupacnost","status":"publish","type":"page","link":"https:\/\/www.ppa.hr\/hr_\/digitalna-pristupacnost\/","title":{"rendered":"Digitalna pristupa\u010dnost"},"content":{"rendered":"\t\t<div data-elementor-type=\"wp-page\" data-elementor-id=\"2513\" class=\"elementor elementor-2513\" data-elementor-post-type=\"page\">\n\t\t\t\t\t\t<section class=\"elementor-section elementor-top-section elementor-element elementor-element-4d3a0e78 elementor-section-height-min-height elementor-section-items-bottom elementor-section-boxed elementor-section-height-default\" data-id=\"4d3a0e78\" data-element_type=\"section\" data-e-type=\"section\" data-settings=\"{&quot;background_background&quot;:&quot;classic&quot;}\">\n\t\t\t\t\t\t\t<div class=\"elementor-background-overlay\"><\/div>\n\t\t\t\t\t\t\t<div class=\"elementor-container elementor-column-gap-default\">\n\t\t\t\t\t<div class=\"elementor-column elementor-col-100 elementor-top-column elementor-element elementor-element-6db6f722\" data-id=\"6db6f722\" data-element_type=\"column\" data-e-type=\"column\">\n\t\t\t<div class=\"elementor-widget-wrap elementor-element-populated\">\n\t\t\t\t\t\t<div class=\"elementor-element elementor-element-44fef3a1 elementor-widget elementor-widget-text-editor\" data-id=\"44fef3a1\" data-element_type=\"widget\" data-e-type=\"widget\" data-widget_type=\"text-editor.default\">\n\t\t\t\t\t\t\t\t\t<p><a href=\"#\">Po\u010detna<\/a> \/ <span style=\"font-weight: 400;\">Digitalna pristupa\u010dnost<\/span><\/p>\t\t\t\t\t\t\t\t<\/div>\n\t\t\t\t\t<\/div>\n\t\t<\/div>\n\t\t\t\t\t<\/div>\n\t\t<\/section>\n\t\t\t\t<section class=\"elementor-section elementor-top-section elementor-element elementor-element-274316fa elementor-section-boxed elementor-section-height-default elementor-section-height-default\" data-id=\"274316fa\" data-element_type=\"section\" data-e-type=\"section\" data-settings=\"{&quot;background_background&quot;:&quot;classic&quot;}\">\n\t\t\t\t\t\t<div class=\"elementor-container elementor-column-gap-default\">\n\t\t\t\t\t<div class=\"elementor-column elementor-col-100 elementor-top-column elementor-element elementor-element-3e005789\" data-id=\"3e005789\" data-element_type=\"column\" data-e-type=\"column\" data-settings=\"{&quot;background_background&quot;:&quot;classic&quot;}\">\n\t\t\t<div class=\"elementor-widget-wrap elementor-element-populated\">\n\t\t\t\t\t\t<div class=\"elementor-element elementor-element-2a55f6be elementor-widget elementor-widget-text-editor\" data-id=\"2a55f6be\" data-element_type=\"widget\" data-e-type=\"widget\" data-widget_type=\"text-editor.default\">\n\t\t\t\t\t\t\t\t\t<p>Lu\u010dka uprava Plo\u010de nastoji svoju internetsku stranicu u\u010diniti pristupa\u010dnom u skladu sa Zakonom o pristupa\u010dnosti mre\u017enih stranica i programskih rje\u0161enja za pokretne ure\u0111aje tijela javnog sektora (NN 17\/19) kojim se prenosi Direktiva (EU) 2016\/2102 Europskog parlamenta i Vije\u0107a. Ova Izjava o pristupa\u010dnosti odnosi se na mre\u017enu lokaciju ppa.hr.<\/p><p><b>Stupanj uskla\u0111enosti<br \/><\/b><br \/>Mre\u017ena lokacija ppa.hr je djelomi\u010dno uskla\u0111ena sa Zakonom o pristupa\u010dnosti mre\u017enih stranica i programskih rje\u0161enja za pokretne<br \/>ure\u0111aje tijela javnog sektora.<\/p><p><b>Nepristupa\u010dni sadr\u017eaj<\/b><\/p><p>Mre\u017ena lokacija ppa.hr je ve\u0107im dijelom uskla\u0111ena sa Zakonom o pristupa\u010dnosti, a iznimke od uskla\u0111enosti o\u010dituju se u slijede\u0107em:<\/p><ul><li>neki od PDF dokumenata nisu \u010ditljivi \u010dita\u010dima ekrana jer su ponu\u0111eni u slikovnom obliku koji \u010dita\u010di ekrana ne mogu pro\u010ditati<\/li><li>nekim slikovnim sadr\u017eajima nedostaju alt tagovi<\/li><li>nazivi pojedinih poveznica trebali bi konkretnije specificirati sadr\u017eaj koji se iza njih nalazi<\/li><li>ne postoji poseban izbornik za uklju\u010divanje elemenata pristupa\u010dnosti<br \/>poput pove\u0107anja, smanjenja ili promjene vrste fonta<\/li><li>pdf datoteke se otvaraju u novom prozoru preglednika (tab), a .docx datoteke su dostupne isklju\u010divo za preuzimanje<\/li><li>sav tekst nije poravnan po lijevoj margini<\/li><li>ne postoji opcija uklju\u010divanja fonta za osobe s disleksijom<\/li><li>poveznice nisu deskriptivne i ne pru\u017eaju informaciju o sadr\u017eaju na koji vode<\/li><li>ne postoji opcija promjene kontrasta na stranici<\/li><li>slike grafovi i dijagrami ne sadr\u017ee kratki tekstualni opis<\/li><\/ul><p><br \/><strong>Podizanje razine pristupa\u010dnosti<\/strong><br \/>Lu\u010dka uprava Plo\u010de \u0107e provesti dodatne mjere za rje\u0161avanje nepristupa\u010dnog sadr\u017eaja mre\u017ene lokacije ppa.hr u maksimalnoj<br \/>mogu\u0107oj mjeri u skladu sa Zakonom o pristupa\u010dnosti, koje \u0107e provesti Sredi\u0161nji dr\u017eavni ured za razvoj digitalnog dru\u0161tva u suradnji s Dr\u017eavnom \u0161kolom za javnu upravu, Povjerenikom za informiranje i krovnom nacionalnom organizacijom osoba s invaliditetom.<br \/>U daljnjoj nadogradnji mre\u017ene lokacije ppa.hr implementirat \u0107e se preporuke za unaprje\u0111enje pristupa\u010dnosti i nastojati podi\u0107i razina<br \/>pristupa\u010dnosti u najve\u0107oj mogu\u0107oj mjeri.<\/p><p><strong>Priprema ove Izjave o pristupa\u010dnosti<\/strong><br \/>Ova Izjava pripremljena je dana 21. rujna 2020., sukladno Predlo\u0161ku izjave o pristupa\u010dnosti koji je u skladu s Direktivom (EU) 2016\/2102<br \/>Europskog parlamenta i Vije\u0107a o pristupa\u010dnosti internetskih stranica i mobilnih aplikacija tijela javnog sektora, a utvr\u0111en je Provedbenom<br \/>odlukom komisije EU 2018\/1523 11. listopada 2018. Za pripremu ove Izjave kori\u0161tena je metoda samoprocjene, te u obliku testiranja<br \/>pristupa\u010dnosti pomo\u0107u online alata. Testiranja su izvr\u0161ena na sljede\u0107im operativnim sustavima, internetskim preglednicima i mobilnim ure\u0111ajima: Google Chrome, Mozilla Firefox,MS Win10, iOS Safari, iPhoneXS .<\/p><p><strong>Povratne informacije i podaci za kontakt<\/strong><br \/>Sve upite vezane uz pristupa\u010dnost mre\u017ene lokacije ppa.hr korisnici mogu uputiti na slu\u017ebene kontakt podatke Lu\u010dke uprave Plo\u010de:<br \/><strong>info@ppa.hr<\/strong><br \/>Tel: +385 (0) 20 414 530<br \/>Fax: +385 (0) 20 670 271<\/p><p><strong>Inspekcijski nadzor<\/strong><br \/>Tijelo nadle\u017eno za pra\u0107enje uskla\u0111enosti mre\u017enih stranica i programskih rje\u0161enja za pokretne ure\u0111aje tijela javnog sektora sa zahtjevima<br \/>pristupa\u010dnosti i nadzor nad provedbom Zakona o pristupa\u010dnosti je Povjerenik za informiranje Republike Hrvatske.<br \/>U slu\u010daju nezadovoljavaju\u0107ih odgovora na obavijest ili zahtjev za povratne informacije o pristupa\u010dnosti ove mre\u017ene lokacije, korisnici se<br \/>mogu obratiti <strong>Povjereniku za informiranje putem telefona broj 01 4609 041<\/strong> ili putem elektroni\u010dke po\u0161te: <strong>pristupacnost@pristupinfo.hr.<\/strong><\/p>\t\t\t\t\t\t\t\t<\/div>\n\t\t\t\t\t<\/div>\n\t\t<\/div>\n\t\t\t\t\t<\/div>\n\t\t<\/section>\n\t\t\t\t<\/div>\n\t\t","protected":false},"excerpt":{"rendered":"<p>Po\u010detna \/ Digitalna pristupa\u010dnost Lu\u010dka uprava Plo\u010de nastoji svoju internetsku stranicu u\u010diniti pristupa\u010dnom u skladu sa Zakonom o pristupa\u010dnosti mre\u017enih stranica i programskih rje\u0161enja za pokretne ure\u0111aje tijela javnog sektora (NN 17\/19) kojim se prenosi Direktiva (EU) 2016\/2102 Europskog parlamenta i Vije\u0107a. Ova Izjava o pristupa\u010dnosti odnosi se na mre\u017enu lokaciju ppa.hr. Stupanj uskla\u0111enostiMre\u017ena lokacija [&hellip;]<\/p>\n","protected":false},"author":1,"featured_media":0,"parent":0,"menu_order":0,"comment_status":"closed","ping_status":"closed","template":"elementor_header_footer","meta":{"footnotes":""},"class_list":["post-2513","page","type-page","status-publish","hentry"],"_links":{"self":[{"href":"https:\/\/www.ppa.hr\/hr_\/wp-json\/wp\/v2\/pages\/2513","targetHints":{"allow":["GET"]}}],"collection":[{"href":"https:\/\/www.ppa.hr\/hr_\/wp-json\/wp\/v2\/pages"}],"about":[{"href":"https:\/\/www.ppa.hr\/hr_\/wp-json\/wp\/v2\/types\/page"}],"author":[{"embeddable":true,"href":"https:\/\/www.ppa.hr\/hr_\/wp-json\/wp\/v2\/users\/1"}],"replies":[{"embeddable":true,"href":"https:\/\/www.ppa.hr\/hr_\/wp-json\/wp\/v2\/comments?post=2513"}],"version-history":[{"count":4,"href":"https:\/\/www.ppa.hr\/hr_\/wp-json\/wp\/v2\/pages\/2513\/revisions"}],"predecessor-version":[{"id":2517,"href":"https:\/\/www.ppa.hr\/hr_\/wp-json\/wp\/v2\/pages\/2513\/revisions\/2517"}],"wp:attachment":[{"href":"https:\/\/www.ppa.hr\/hr_\/wp-json\/wp\/v2\/media?parent=2513"}],"curies":[{"name":"wp","href":"https:\/\/api.w.org\/{rel}","templated":true}]}}