{"id":1136,"date":"2025-03-17T19:43:13","date_gmt":"2025-03-17T19:43:13","guid":{"rendered":"https:\/\/lup.studioidearium.com\/?page_id=1136"},"modified":"2025-03-27T16:13:02","modified_gmt":"2025-03-27T16:13:02","slug":"samostalna-sluzba-za-pomorski-promet-sigurnosnu-zastitu-luke-i-zastitu-okolisa","status":"publish","type":"page","link":"https:\/\/www.ppa.hr\/hr_\/samostalna-sluzba-za-pomorski-promet-sigurnosnu-zastitu-luke-i-zastitu-okolisa\/","title":{"rendered":"Samostalna slu\u017eba za pomorski promet, sigurnosnu za\u0161titu luke i za\u0161titu okoli\u0161a"},"content":{"rendered":"\t\t<div data-elementor-type=\"wp-page\" data-elementor-id=\"1136\" class=\"elementor elementor-1136\" data-elementor-post-type=\"page\">\n\t\t\t\t\t\t<section class=\"elementor-section elementor-top-section elementor-element elementor-element-3a3a2bb elementor-section-height-min-height elementor-section-items-bottom elementor-section-boxed elementor-section-height-default\" data-id=\"3a3a2bb\" data-element_type=\"section\" data-e-type=\"section\" data-settings=\"{&quot;background_background&quot;:&quot;classic&quot;}\">\n\t\t\t\t\t\t\t<div class=\"elementor-background-overlay\"><\/div>\n\t\t\t\t\t\t\t<div class=\"elementor-container elementor-column-gap-default\">\n\t\t\t\t\t<div class=\"elementor-column elementor-col-100 elementor-top-column elementor-element elementor-element-923b2da\" data-id=\"923b2da\" data-element_type=\"column\" data-e-type=\"column\">\n\t\t\t<div class=\"elementor-widget-wrap elementor-element-populated\">\n\t\t\t\t\t\t<div class=\"elementor-element elementor-element-3d80fcd elementor-widget elementor-widget-text-editor\" data-id=\"3d80fcd\" data-element_type=\"widget\" data-e-type=\"widget\" data-widget_type=\"text-editor.default\">\n\t\t\t\t\t\t\t\t\t<p><a href=\"#\">Po\u010detna<\/a> \/ <span style=\"font-weight: 400;\">Centar usluga \/ Samostalna slu\u017eba za pomorski promet, sigurnosnu za\u0161titu luke i za\u0161titu okoli\u0161a<\/span><\/p>\t\t\t\t\t\t\t\t<\/div>\n\t\t\t\t\t<\/div>\n\t\t<\/div>\n\t\t\t\t\t<\/div>\n\t\t<\/section>\n\t\t\t\t<section class=\"elementor-section elementor-top-section elementor-element elementor-element-3372cd1 elementor-section-boxed elementor-section-height-default elementor-section-height-default\" data-id=\"3372cd1\" data-element_type=\"section\" data-e-type=\"section\" data-settings=\"{&quot;background_background&quot;:&quot;classic&quot;}\">\n\t\t\t\t\t\t<div class=\"elementor-container elementor-column-gap-default\">\n\t\t\t\t\t<div class=\"elementor-column elementor-col-50 elementor-top-column elementor-element elementor-element-31edfd0\" data-id=\"31edfd0\" data-element_type=\"column\" data-e-type=\"column\">\n\t\t\t<div class=\"elementor-widget-wrap elementor-element-populated\">\n\t\t\t\t\t\t<div class=\"elementor-element elementor-element-5ddc5eb elementor-widget elementor-widget-text-editor\" data-id=\"5ddc5eb\" data-element_type=\"widget\" data-e-type=\"widget\" data-widget_type=\"text-editor.default\">\n\t\t\t\t\t\t\t\t\t<p>Glavna zada\u0107a Lu\u010dke uprave Plo\u010de je osigurati sigurno i u\u010dinkovito kori\u0161tenje luke (pomorske luke Plo\u010de i rije\u010dne luke Metkovi\u0107) od strane onih koji imaju pravo koristiti njezine kapacitete i ploviti njezinim vodama. To obuhva\u0107a du\u017enost reguliranja pomorskog i kopnenog prometa, sustavnog pra\u0107enja ili kontrole kretanja brodova, vozila i osoba te za\u0161titu okoli\u0161a.<\/p><p>Ove djelatnosti objedinjuje Samostalna slu\u017eba za pomorski promet, sigurnosnu za\u0161titu luke i za\u0161titu okoli\u0161a u sklopu Lu\u010dke uprave Plo\u010de.<\/p>\t\t\t\t\t\t\t\t<\/div>\n\t\t\t\t\t<\/div>\n\t\t<\/div>\n\t\t\t\t<div class=\"elementor-column elementor-col-50 elementor-top-column elementor-element elementor-element-6ce1a59 animated-slow elementor-invisible\" data-id=\"6ce1a59\" data-element_type=\"column\" data-e-type=\"column\" data-settings=\"{&quot;animation&quot;:&quot;fadeInRight&quot;}\">\n\t\t\t<div class=\"elementor-widget-wrap elementor-element-populated\">\n\t\t\t\t\t\t<div class=\"elementor-element elementor-element-6992564 elementor-widget elementor-widget-image\" data-id=\"6992564\" data-element_type=\"widget\" data-e-type=\"widget\" data-widget_type=\"image.default\">\n\t\t\t\t\t\t\t\t\t\t\t\t\t\t\t<img fetchpriority=\"high\" decoding=\"async\" width=\"1200\" height=\"800\" src=\"https:\/\/www.ppa.hr\/hr_\/wp-content\/uploads\/2025\/03\/Lucka_uprava_Ploce_477.jpg\" class=\"attachment-full size-full wp-image-2020\" alt=\"\" srcset=\"https:\/\/www.ppa.hr\/hr_\/wp-content\/uploads\/2025\/03\/Lucka_uprava_Ploce_477.jpg 1200w, https:\/\/www.ppa.hr\/hr_\/wp-content\/uploads\/2025\/03\/Lucka_uprava_Ploce_477-300x200.jpg 300w, https:\/\/www.ppa.hr\/hr_\/wp-content\/uploads\/2025\/03\/Lucka_uprava_Ploce_477-1024x683.jpg 1024w, https:\/\/www.ppa.hr\/hr_\/wp-content\/uploads\/2025\/03\/Lucka_uprava_Ploce_477-768x512.jpg 768w\" sizes=\"(max-width: 1200px) 100vw, 1200px\" \/>\t\t\t\t\t\t\t\t\t\t\t\t\t\t\t<\/div>\n\t\t\t\t<div class=\"elementor-element elementor-element-31ad2c6 elementor-widget elementor-widget-spacer\" data-id=\"31ad2c6\" data-element_type=\"widget\" data-e-type=\"widget\" data-widget_type=\"spacer.default\">\n\t\t\t\t\t\t\t<div class=\"elementor-spacer\">\n\t\t\t<div class=\"elementor-spacer-inner\"><\/div>\n\t\t<\/div>\n\t\t\t\t\t\t<\/div>\n\t\t\t\t\t<\/div>\n\t\t<\/div>\n\t\t\t\t\t<\/div>\n\t\t<\/section>\n\t\t\t\t<\/div>\n\t\t","protected":false},"excerpt":{"rendered":"<p>Po\u010detna \/ Centar usluga \/ Samostalna slu\u017eba za pomorski promet, sigurnosnu za\u0161titu luke i za\u0161titu okoli\u0161a Glavna zada\u0107a Lu\u010dke uprave Plo\u010de je osigurati sigurno i u\u010dinkovito kori\u0161tenje luke (pomorske luke Plo\u010de i rije\u010dne luke Metkovi\u0107) od strane onih koji imaju pravo koristiti njezine kapacitete i ploviti njezinim vodama. To obuhva\u0107a du\u017enost reguliranja pomorskog i kopnenog [&hellip;]<\/p>\n","protected":false},"author":1,"featured_media":0,"parent":0,"menu_order":0,"comment_status":"closed","ping_status":"closed","template":"elementor_header_footer","meta":{"footnotes":""},"class_list":["post-1136","page","type-page","status-publish","hentry"],"_links":{"self":[{"href":"https:\/\/www.ppa.hr\/hr_\/wp-json\/wp\/v2\/pages\/1136","targetHints":{"allow":["GET"]}}],"collection":[{"href":"https:\/\/www.ppa.hr\/hr_\/wp-json\/wp\/v2\/pages"}],"about":[{"href":"https:\/\/www.ppa.hr\/hr_\/wp-json\/wp\/v2\/types\/page"}],"author":[{"embeddable":true,"href":"https:\/\/www.ppa.hr\/hr_\/wp-json\/wp\/v2\/users\/1"}],"replies":[{"embeddable":true,"href":"https:\/\/www.ppa.hr\/hr_\/wp-json\/wp\/v2\/comments?post=1136"}],"version-history":[{"count":7,"href":"https:\/\/www.ppa.hr\/hr_\/wp-json\/wp\/v2\/pages\/1136\/revisions"}],"predecessor-version":[{"id":2023,"href":"https:\/\/www.ppa.hr\/hr_\/wp-json\/wp\/v2\/pages\/1136\/revisions\/2023"}],"wp:attachment":[{"href":"https:\/\/www.ppa.hr\/hr_\/wp-json\/wp\/v2\/media?parent=1136"}],"curies":[{"name":"wp","href":"https:\/\/api.w.org\/{rel}","templated":true}]}}